{"id":647,"date":"2024-11-28T18:56:35","date_gmt":"2024-11-28T18:56:35","guid":{"rendered":"https:\/\/vmarques.integrabridge.com.br\/?page_id=647"},"modified":"2024-12-11T16:52:28","modified_gmt":"2024-12-11T16:52:28","slug":"blog","status":"publish","type":"page","link":"https:\/\/vmarques.integrabridge.com.br\/index.php\/blog\/","title":{"rendered":"Blog"},"content":{"rendered":"\t\t<div data-elementor-type=\"wp-page\" data-elementor-id=\"647\" class=\"elementor elementor-647\" data-elementor-post-type=\"page\">\n\t\t\t\t\t\t<section class=\"elementor-section elementor-top-section elementor-element elementor-element-37319a09 elementor-section-boxed elementor-section-height-default elementor-section-height-default e-parent\" data-id=\"37319a09\" data-element_type=\"section\">\n\t\t\t\t\t\t<div class=\"elementor-container elementor-column-gap-default\">\n\t\t\t\t\t<div class=\"elementor-column elementor-col-100 elementor-top-column elementor-element elementor-element-74a8c2f5 lakit-col-width-auto-no\" data-id=\"74a8c2f5\" data-element_type=\"column\">\n\t\t\t<div class=\"elementor-widget-wrap elementor-element-populated\">\n\t\t\t\t\t\t<div class=\"elementor-element elementor-element-7cf5b5fe elementor-widget elementor-widget-elementskit-blog-posts\" data-id=\"7cf5b5fe\" data-element_type=\"widget\" data-widget_type=\"elementskit-blog-posts.default\">\n\t\t\t\t<div class=\"elementor-widget-container\">\n\t\t\t\t\t<div class=\"ekit-wid-con\" >        <div id=\"post-items--7cf5b5fe\" class=\"row post-items\" data-masonry-config=\"true\">\n                    <div class=\"col-lg-6 col-md-6\">\n\n                                    <div class=\"elementskit-post-image-card\">\n                        <div class=\"elementskit-entry-header\">\n                                                            <a href=\"https:\/\/vmarques.integrabridge.com.br\/index.php\/2024\/12\/06\/sua-empresa-pode-estar-perdendo-dinheiro-nesse-exato-momento\/\" class=\"elementskit-entry-thumb\">\n                                    <img decoding=\"async\" src=\"https:\/\/vmarques.integrabridge.com.br\/wp-content\/uploads\/2024\/12\/portrait-woman-surrounded-by-money-min-scaled.jpg\" alt=\"Sua empresa pode estar perdendo dinheiro nesse exato momento.\">\n                                <\/a><!-- .elementskit-entry-thumb END -->\n                                                            \n                            \n\t\t\t\t\t\t\t\t\t\t\t\t\t<\/div><!-- .elementskit-entry-header END -->\n\n\t\t\t\t\t\t<div class=\"elementskit-post-body \">\n\t\t\t\t\t\t\t\n\t\t\t\t\t\t\t\t\t\t\t\t\t\t\t\t\t\t\t\t\t\t\t\t\t\n\t\t\t\t\t\t\t\t\n\t\t\t\t\t\t\t\t\t\t\t\t\t\t\t\t\t\t\t\t\t<h2 class=\"entry-title\">\n\t\t\t\t\t<a href=\"https:\/\/vmarques.integrabridge.com.br\/index.php\/2024\/12\/06\/sua-empresa-pode-estar-perdendo-dinheiro-nesse-exato-momento\/\">\n\t\t\t\t\t\tSua empresa pode estar perdendo dinheiro nesse exato&hellip;\t\t\t\t\t<\/a>\n\t\t\t\t<\/h2>\n\t\t\t\t\t\t\t\t\t\t\t\t\t\t\t\t\t\t\t\t\t\t\t\t\t\t\t\t\t\t\t\t\t\t\t\t\t\t\t\t\t\t<p>Descubra Como Identificar Oportunidades Perdidas e Impulsionar seus Lucros Imediatamente:&hellip;<\/p>\n\t\t\t\t\t\t\t\t\t\t\t\t\t\t\t\t\t\t\t\t\t\t                                                            <div class=\"btn-wraper\">\n                                    \n                                                                            <a class=\"elementskit-btn whitespace--normal\" id=\"\" href=\"https:\/\/vmarques.integrabridge.com.br\/index.php\/2024\/12\/06\/sua-empresa-pode-estar-perdendo-dinheiro-nesse-exato-momento\/\">\n                                        \t                                            Ver post                                        <\/a>\n                                                                    <\/div>\n                                                    <\/div><!-- .elementskit-post-body END -->\n                    <\/div>\n                \n            <\/div>\n                    <div class=\"col-lg-6 col-md-6\">\n\n                                    <div class=\"elementskit-post-image-card\">\n                        <div class=\"elementskit-entry-header\">\n                                                            <a href=\"https:\/\/vmarques.integrabridge.com.br\/index.php\/2024\/12\/06\/porque-investir-em-tecnologia-aumenta-a-lucratividade-da-sua-empresa\/\" class=\"elementskit-entry-thumb\">\n                                    <img decoding=\"async\" src=\"https:\/\/vmarques.integrabridge.com.br\/wp-content\/uploads\/2024\/12\/business-concept-with-graphic-holography.jpg\" alt=\"Porqu\u00ea investir em tecnologia aumenta a lucratividade da sua empresa.\">\n                                <\/a><!-- .elementskit-entry-thumb END -->\n                                                            \n                            \n\t\t\t\t\t\t\t\t\t\t\t\t\t<\/div><!-- .elementskit-entry-header END -->\n\n\t\t\t\t\t\t<div class=\"elementskit-post-body \">\n\t\t\t\t\t\t\t\n\t\t\t\t\t\t\t\t\t\t\t\t\t\t\t\t\t\t\t\t\t\t\t\t\t\n\t\t\t\t\t\t\t\t\n\t\t\t\t\t\t\t\t\t\t\t\t\t\t\t\t\t\t\t\t\t<h2 class=\"entry-title\">\n\t\t\t\t\t<a href=\"https:\/\/vmarques.integrabridge.com.br\/index.php\/2024\/12\/06\/porque-investir-em-tecnologia-aumenta-a-lucratividade-da-sua-empresa\/\">\n\t\t\t\t\t\tPorqu\u00ea investir em tecnologia aumenta a lucratividade da&hellip;\t\t\t\t\t<\/a>\n\t\t\t\t<\/h2>\n\t\t\t\t\t\t\t\t\t\t\t\t\t\t\t\t\t\t\t\t\t\t\t\t\t\t\t\t\t\t\t\t\t\t\t\t\t\t\t\t\t\t<p>O Impacto da Tecnologia na Lucratividade Empresarial: \u2022 Automa\u00e7\u00e3o de&hellip;<\/p>\n\t\t\t\t\t\t\t\t\t\t\t\t\t\t\t\t\t\t\t\t\t\t                                                            <div class=\"btn-wraper\">\n                                    \n                                                                            <a class=\"elementskit-btn whitespace--normal\" id=\"\" href=\"https:\/\/vmarques.integrabridge.com.br\/index.php\/2024\/12\/06\/porque-investir-em-tecnologia-aumenta-a-lucratividade-da-sua-empresa\/\">\n                                        \t                                            Ver post                                        <\/a>\n                                                                    <\/div>\n                                                    <\/div><!-- .elementskit-post-body END -->\n                    <\/div>\n                \n            <\/div>\n                    <div class=\"col-lg-6 col-md-6\">\n\n                                    <div class=\"elementskit-post-image-card\">\n                        <div class=\"elementskit-entry-header\">\n                                                            <a href=\"https:\/\/vmarques.integrabridge.com.br\/index.php\/2024\/12\/06\/porque-escolher-chatbot\/\" class=\"elementskit-entry-thumb\">\n                                    <img decoding=\"async\" src=\"https:\/\/vmarques.integrabridge.com.br\/wp-content\/uploads\/2024\/12\/767-scaled.jpg\" alt=\"Porque escolher chatbot?\">\n                                <\/a><!-- .elementskit-entry-thumb END -->\n                                                            \n                            \n\t\t\t\t\t\t\t\t\t\t\t\t\t<\/div><!-- .elementskit-entry-header END -->\n\n\t\t\t\t\t\t<div class=\"elementskit-post-body \">\n\t\t\t\t\t\t\t\n\t\t\t\t\t\t\t\t\t\t\t\t\t\t\t\t\t\t\t\t\t\t\t\t\t\n\t\t\t\t\t\t\t\t\n\t\t\t\t\t\t\t\t\t\t\t\t\t\t\t\t\t\t\t\t\t<h2 class=\"entry-title\">\n\t\t\t\t\t<a href=\"https:\/\/vmarques.integrabridge.com.br\/index.php\/2024\/12\/06\/porque-escolher-chatbot\/\">\n\t\t\t\t\t\tPorque escolher chatbot?\t\t\t\t\t<\/a>\n\t\t\t\t<\/h2>\n\t\t\t\t\t\t\t\t\t\t\t\t\t\t\t\t\t\t\t\t\t\t\t\t\t\t\t\t\t\t\t\t\t\t\t\t\t\t\t\t\t\t<p>Efici\u00eancia, Personaliza\u00e7\u00e3o e Disponibilidade. \u2022 Um chatbot est\u00e1 dispon\u00edvel o&hellip;<\/p>\n\t\t\t\t\t\t\t\t\t\t\t\t\t\t\t\t\t\t\t\t\t\t                                                            <div class=\"btn-wraper\">\n                                    \n                                                                            <a class=\"elementskit-btn whitespace--normal\" id=\"\" href=\"https:\/\/vmarques.integrabridge.com.br\/index.php\/2024\/12\/06\/porque-escolher-chatbot\/\">\n                                        \t                                            Ver post                                        <\/a>\n                                                                    <\/div>\n                                                    <\/div><!-- .elementskit-post-body END -->\n                    <\/div>\n                \n            <\/div>\n                    <div class=\"col-lg-6 col-md-6\">\n\n                                    <div class=\"elementskit-post-image-card\">\n                        <div class=\"elementskit-entry-header\">\n                                                            <a href=\"https:\/\/vmarques.integrabridge.com.br\/index.php\/2024\/12\/05\/veja-como-implementamos-nossas-solucoes\/\" class=\"elementskit-entry-thumb\">\n                                    <img decoding=\"async\" src=\"https:\/\/vmarques.integrabridge.com.br\/wp-content\/uploads\/2024\/12\/3f03d9c9-1ec7-417a-8cdf-370f493f02fd.png\" alt=\"Veja como implementamos nossas solu\u00e7\u00f5es\">\n                                <\/a><!-- .elementskit-entry-thumb END -->\n                                                            \n                            \n\t\t\t\t\t\t\t\t\t\t\t\t\t<\/div><!-- .elementskit-entry-header END -->\n\n\t\t\t\t\t\t<div class=\"elementskit-post-body \">\n\t\t\t\t\t\t\t\n\t\t\t\t\t\t\t\t\t\t\t\t\t\t\t\t\t\t\t\t\t\t\t\t\t\n\t\t\t\t\t\t\t\t\n\t\t\t\t\t\t\t\t\t\t\t\t\t\t\t\t\t\t\t\t\t<h2 class=\"entry-title\">\n\t\t\t\t\t<a href=\"https:\/\/vmarques.integrabridge.com.br\/index.php\/2024\/12\/05\/veja-como-implementamos-nossas-solucoes\/\">\n\t\t\t\t\t\tVeja como implementamos nossas solu\u00e7\u00f5es\t\t\t\t\t<\/a>\n\t\t\t\t<\/h2>\n\t\t\t\t\t\t\t\t\t\t\t\t\t\t\t\t\t\t\t\t\t\t\t\t\t\t\t\t\t\t\t\t\t\t\t\t\t\t\t\t\t\t<p>Cada neg\u00f3cio \u00e9 \u00fanico: Na Integrabridge, trabalhamos para entender sua&hellip;<\/p>\n\t\t\t\t\t\t\t\t\t\t\t\t\t\t\t\t\t\t\t\t\t\t                                                            <div class=\"btn-wraper\">\n                                    \n                                                                            <a class=\"elementskit-btn whitespace--normal\" id=\"\" href=\"https:\/\/vmarques.integrabridge.com.br\/index.php\/2024\/12\/05\/veja-como-implementamos-nossas-solucoes\/\">\n                                        \t                                            Ver post                                        <\/a>\n                                                                    <\/div>\n                                                    <\/div><!-- .elementskit-post-body END -->\n                    <\/div>\n                \n            <\/div>\n                    <div class=\"col-lg-6 col-md-6\">\n\n                                    <div class=\"elementskit-post-image-card\">\n                        <div class=\"elementskit-entry-header\">\n                                                            <a href=\"https:\/\/vmarques.integrabridge.com.br\/index.php\/2024\/12\/05\/dificuldade-com-atendimento-e-vendas\/\" class=\"elementskit-entry-thumb\">\n                                    <img decoding=\"async\" src=\"https:\/\/vmarques.integrabridge.com.br\/wp-content\/uploads\/2024\/12\/smartphone-with-user-interface-concept.jpg\" alt=\"Dificuldade com atendimento e vendas?\">\n                                <\/a><!-- .elementskit-entry-thumb END -->\n                                                            \n                            \n\t\t\t\t\t\t\t\t\t\t\t\t\t<\/div><!-- .elementskit-entry-header END -->\n\n\t\t\t\t\t\t<div class=\"elementskit-post-body \">\n\t\t\t\t\t\t\t\n\t\t\t\t\t\t\t\t\t\t\t\t\t\t\t\t\t\t\t\t\t\t\t\t\t\n\t\t\t\t\t\t\t\t\n\t\t\t\t\t\t\t\t\t\t\t\t\t\t\t\t\t\t\t\t\t<h2 class=\"entry-title\">\n\t\t\t\t\t<a href=\"https:\/\/vmarques.integrabridge.com.br\/index.php\/2024\/12\/05\/dificuldade-com-atendimento-e-vendas\/\">\n\t\t\t\t\t\tDificuldade com atendimento e vendas?\t\t\t\t\t<\/a>\n\t\t\t\t<\/h2>\n\t\t\t\t\t\t\t\t\t\t\t\t\t\t\t\t\t\t\t\t\t\t\t\t\t\t\t\t\t\t\t\t\t\t\t\t\t\t\t\t\t\t<p>Na Integrabridge, entendemos os desfios que voc\u00ea enfrenta para manter&hellip;<\/p>\n\t\t\t\t\t\t\t\t\t\t\t\t\t\t\t\t\t\t\t\t\t\t                                                            <div class=\"btn-wraper\">\n                                    \n                                                                            <a class=\"elementskit-btn whitespace--normal\" id=\"\" href=\"https:\/\/vmarques.integrabridge.com.br\/index.php\/2024\/12\/05\/dificuldade-com-atendimento-e-vendas\/\">\n                                        \t                                            Ver post                                        <\/a>\n                                                                    <\/div>\n                                                    <\/div><!-- .elementskit-post-body END -->\n                    <\/div>\n                \n            <\/div>\n                <\/div>\n       <\/div>\t\t\t\t<\/div>\n\t\t\t\t<\/div>\n\t\t\t\t\t<\/div>\n\t\t<\/div>\n\t\t\t\t\t<\/div>\n\t\t<\/section>\n\t\t<div class=\"elementor-element elementor-element-0f8b71b e-flex e-con-boxed lakit-col-width-auto-no e-container e-root-container elementor-top-section e-con e-parent\" data-id=\"0f8b71b\" data-element_type=\"container\">\n\t\t\t\t\t<div class=\"e-con-inner\">\n\t\t\t\t<div class=\"elementor-element elementor-element-9a6a7a6 elementor-fixed elementor-widget elementor-widget-button\" data-id=\"9a6a7a6\" data-element_type=\"widget\" data-settings=\"{&quot;_position&quot;:&quot;fixed&quot;}\" data-widget_type=\"button.default\">\n\t\t\t\t<div class=\"elementor-widget-container\">\n\t\t\t\t\t\t\t\t\t<div class=\"elementor-button-wrapper\">\n\t\t\t\t\t<a class=\"elementor-button elementor-button-link elementor-size-sm\" href=\"https:\/\/api.whatsapp.com\/send\/?phone=%2B5512982381100&#038;text&#038;type=phone_number&#038;app_absent=0\" target=\"_blank\">\n\t\t\t\t\t\t<span class=\"elementor-button-content-wrapper\">\n\t\t\t\t\t\t<span class=\"elementor-button-icon\">\n\t\t\t\t<i aria-hidden=\"true\" class=\"icofont icofont-brand-whatsapp\"><\/i>\t\t\t<\/span>\n\t\t\t\t\t\t\t\t<\/span>\n\t\t\t\t\t<\/a>\n\t\t\t\t<\/div>\n\t\t\t\t\t\t\t\t<\/div>\n\t\t\t\t<\/div>\n\t\t\t\t\t<\/div>\n\t\t\t\t<\/div>\n\t\t\t\t<\/div>\n\t\t","protected":false},"excerpt":{"rendered":"<p>Sua empresa pode estar perdendo dinheiro nesse exato&hellip; Descubra Como Identificar Oportunidades Perdidas e Impulsionar seus Lucros Imediatamente:&hellip; Ver post Porqu\u00ea investir em tecnologia aumenta a lucratividade da&hellip; O Impacto da Tecnologia na Lucratividade Empresarial: \u2022 Automa\u00e7\u00e3o de&hellip; Ver post Porque escolher chatbot? Efici\u00eancia, Personaliza\u00e7\u00e3o e Disponibilidade. \u2022 Um chatbot est\u00e1 dispon\u00edvel o&hellip; Ver post [&hellip;]<\/p>\n","protected":false},"author":1,"featured_media":0,"parent":0,"menu_order":0,"comment_status":"closed","ping_status":"closed","template":"","meta":{"footnotes":""},"class_list":["post-647","page","type-page","status-publish","hentry"],"_links":{"self":[{"href":"https:\/\/vmarques.integrabridge.com.br\/index.php\/wp-json\/wp\/v2\/pages\/647","targetHints":{"allow":["GET"]}}],"collection":[{"href":"https:\/\/vmarques.integrabridge.com.br\/index.php\/wp-json\/wp\/v2\/pages"}],"about":[{"href":"https:\/\/vmarques.integrabridge.com.br\/index.php\/wp-json\/wp\/v2\/types\/page"}],"author":[{"embeddable":true,"href":"https:\/\/vmarques.integrabridge.com.br\/index.php\/wp-json\/wp\/v2\/users\/1"}],"replies":[{"embeddable":true,"href":"https:\/\/vmarques.integrabridge.com.br\/index.php\/wp-json\/wp\/v2\/comments?post=647"}],"version-history":[{"count":31,"href":"https:\/\/vmarques.integrabridge.com.br\/index.php\/wp-json\/wp\/v2\/pages\/647\/revisions"}],"predecessor-version":[{"id":1151,"href":"https:\/\/vmarques.integrabridge.com.br\/index.php\/wp-json\/wp\/v2\/pages\/647\/revisions\/1151"}],"wp:attachment":[{"href":"https:\/\/vmarques.integrabridge.com.br\/index.php\/wp-json\/wp\/v2\/media?parent=647"}],"curies":[{"name":"wp","href":"https:\/\/api.w.org\/{rel}","templated":true}]}}